e
Suppose 5465 = 5*o + 900. Suppose -8*f + o = 113. Does 10 divide f?
True
Does 6 divide 16/30 + 272/2040 - 1243/(-3)?
False
Let x(c) = -34*c - 70. Let m be x(-11). Suppose -i + 3*r = 70 - m, 0 = 5*i - 5*r - 1140. Is i a multiple of 25?
True
Suppose 0*w - 20 = 5*w. Is 42 a factor of (-4747)/w - (-48)/(-64)?
False
Suppose 4*a - 31 = 3*b, -5*a + 5*b + 10 = 7*b. Suppose 2*d - 38 = -4*k, a*d - 11*k + 14*k = 66. Is d a multiple of 3?
True
Let g(w) = w**3 - 9*w**2 - 2*w + 23. Let h be g(9). Suppose -h - 28 = -5*j - y, 4*j + y = 27. Suppose 22 = -j*q + 178. Is 13 a factor of q?
True
Let x = 1474 + 46. Does 6 divide x?
False
Let k(a) = a**2 - 4*a + 6. Let r be k(4). Let d = 15 + 80. Suppose -j + r*j = d. Is 5 a factor of j?
False
Let y = 2998 - 1381. Does 49 divide y?
True
Let s(x) = -3 - 28*x**2 + 0*x - 5*x + 18*x**2 + 11*x**2. Let p(w) = -3*w**2 + 9*w + 6. Let m(q) = -4*p(q) - 7*s(q). Is m(-3) a multiple of 6?
False
Let h(w) = 2*w**3 - 55*w**2 - 102*w - 78. Is h(30) a multiple of 6?
True
Let n = 9914 - 4643. Does 35 divide n?
False
Let m = 28 + -27. Let h be (m + 10/(-2))*-4. Does 9 divide ((-16)/(-4))/1 + h?
False
Suppose -5*q = -9*q - 1828. Let x = -212 - q. Does 35 divide x?
True
Is (-2 - (-20)/15 - 32/24) + 339 a multiple of 7?
False
Suppose 972 = -28*o + 17408. Is o a multiple of 11?
False
Suppose -22*y - 22*y + 20680 = 0. Is y a multiple of 5?
True
Let n = 20381 - -9608. Is 57 a factor of n?
False
Suppose 252*f = 270*f - 22680. Is 36 a factor of f?
True
Let f(c) = 2*c**2 - 76*c + 438. Is f(78) a multiple of 42?
True
Suppose 3195 + 17397 = 26*s. Suppose 21*d - 2724 = -s. Is d a multiple of 69?
False
Let y(k) = k + 31. Let q = -148 + 136. Is y(q) even?
False
Suppose 13*z = 15*z - 248. Suppose -12*o = -z - 56. Does 5 divide o?
True
Let i(o) = o**2 - 11*o - 63. Let x be i(16). Suppose 5 - x = c. Is 2 a factor of (c/(-10))/(45/75)?
True
Let l(k) = k**2 - 4*k + 12. Suppose -2*q - 5*m + 41 = 0, 4*q = 2*q + 4*m - 4. Let j(u) = 6*u - 41. Let r be j(q). Is l(r) a multiple of 33?
True
Suppose -234 = -16*s + 10*s. Let f = 105 + -228. Let z = s - f. Is 24 a factor of z?
False
Let m(n) = 133 - 19 - 34 - 29 + 91 + n. Is m(-37) a multiple of 7?
True
Suppose 2611 = 2*s + 5*j - 4*j, -5*s + 6530 = 5*j. Suppose 5*q + s = -o, q - 1073 = 5*q - 5*o. Let z = -182 - q. Is z a multiple of 10?
True
Let c = -35312 + 49678. Is 8 a factor of c?
False
Suppose -3*b + 45 = -3*q, b + 2*q = -0*q. Suppose -448 = -b*u + 6*u. Does 28 divide u?
True
Let o be (-14)/(-63) + (-176)/(-18). Let v(u) = -u**2 - 16*u - 38. Let f be v(-11). Suppose f*g = o*g + 70. Is 5 a factor of g?
True
Suppose -27 + 39 = -3*p. Let y be (22/33)/(p/(-66)). Suppose 0 = 6*j - y*j + 495. Does 21 divide j?
False
Let x = 222 - 208. Suppose 0 = -14*d + 168 + x. Does 13 divide d?
True
Let f(q) = 28*q + 73. Let b be f(-15). Let r = 158 - b. Does 13 divide r?
False
Suppose -46*g - 15 = -49*g. Suppose -2*o = -q + 4*q - 523, 258 = o + g*q. Does 15 divide o?
False
Let r(k) = 5*k**3 - 20*k**2 + 17*k - 8. Let a(i) = 2*i**3 - 7*i**2 + 6*i - 3. Let g be 1/4 + 22/8. Let c(l) = g*r(l) - 8*a(l). Does 8 divide c(-6)?
False
Let u be (-2)/(-2) + 147/(-3). Let c be (-94)/(-1) - 32/4. Let v = u + c. Is 19 a factor of v?
True
Suppose 52 = -5*x - 23. Is 2 a factor of 71 + -9 - x/5?
False
Let k = 118 + -116. Suppose 5*i + 553 - 1387 = -k*x, 3*i = -4*x + 1654. Is x a multiple of 49?
False
Suppose 2391433 = 163*c - 49166. Is c a multiple of 176?
False
Suppose -5*b - 2*d = -21, -3*b - 3*d + 7 = -2. Suppose 3 - 55 = 4*z - 3*f, -b*f = 3*z + 39. Let r = z - -22. Is r even?
False
Suppose 349*o - 1555334 = 107*o. Is 5 a factor of o?
False
Let j(u) = 1770*u**3 + 2*u**2 + 9*u - 32. Is j(2) a multiple of 337?
True
Let q(f) be the first derivative of f**3/3 + f**2 - 2*f - 13. Let b be q(3). Let p(h) = 2*h**2 - 5*h + 27. Is p(b) a multiple of 50?
True
Let q(u) = 2*u**2 - 2*u + 8*u**2 + 15*u**2 + 3. Suppose 0 = 3*c - 2*f + 7*f + 12, -c + 4*f + 13 = 0. Is q(c) a multiple of 4?
False
Let c(l) = l**3 + 5*l**2 - 2*l - 6. Let d be c(-5). Let m be (34 + (0 - d))/2. Suppose -91 = -5*z + z + g, 3*g = m. Is z a multiple of 6?
True
Is (66/6)/(28506/2850 - (5 + 5)) a multiple of 55?
True
Suppose -3920 - 186 = -2*t + 2*r, 0 = t + 3*r - 2081. Is t a multiple of 103?
True
Suppose 5*m = -2*m - 315. Let c = m + 74. Is 9 a factor of (c + (-6)/(-3))/1?
False
Is (1078470/2084)/((-5)/(-492)) a multiple of 69?
True
Suppose -5*z + 40 = 5*n, 2*z = 2*n - 20 - 0. Suppose n*f - 740 = -f. Is f a multiple of 3?
False
Is 205 a factor of (481 - (-22 - -11))*(-325)/(-10)?
True
Suppose -5*a = -2*f - 33933, 66*a - 67*a - 2*f = -6789. Does 83 divide a?
False
Let w = -391 + 279. Let k = 117 + w. Is 12 a factor of ((-6)/k)/((-16)/280)?
False
Let n(k) = -25659 + 0*k**2 + 4*k**2 - k**2 + 25661 + k**3 - 8*k. Suppose -2*u - 2*m = 8, 4*u - 3*m - 3 = -12. Is n(u) a multiple of 25?
False
Let g be (24/(-10))/((-5)/(5 + 70)). Let w = -33 + g. Suppose -2*r + w*i = -27, -r - 31 = -3*r - i. Is 4 a factor of r?
False
Let u(v) = 3*v**2 - 3*v - 1. Let k(q) = -q**3 + 1 - q + 2*q - 3*q**2 + 2*q - 4*q. Let y be k(-3). Is u(y) a multiple of 8?
False
Let p(b) = 3*b**2 - 6*b - 16. Let k be (-5)/10 - 20/8. Let x be p(k). Let g = x - 3. Does 12 divide g?
False
Suppose -111*m = -116*m + 35. Suppose -264 = 4*c - m*c. Is c a multiple of 11?
True
Is 100/350 + 2/(42/337947) a multiple of 9?
False
Suppose -6*t = -13*t - 546. Let i = t - -80. Suppose 2*p - p + 2*h = 62, 0 = i*p - 3*h - 96. Does 9 divide p?
True
Is 32 a factor of 12109 + -173 - (-21 - 2)?
False
Let f = 341 + -478. Let j = 81 + f. Is 13 a factor of j/(-6)*((-720)/(-14))/5?
False
Suppose 15*t - 7*m = 11*t + 129814, 129868 = 4*t + 2*m. Is t a multiple of 16?
True
Let u(z) = 944*z + 2168. Is 40 a factor of u(11)?
False
Let d(f) = -106*f - 1547. Is 28 a factor of d(-21)?
False
Suppose 485554 = 51*u + 119272. Is 57 a factor of u?
True
Is 20426/30 + 74/555 a multiple of 3?
True
Let s(i) = 126*i - 8. Let r(j) = -125*j + 6. Let t(l) = -3*r(l) - 2*s(l). Is 45 a factor of t(1)?
False
Suppose 10*t - 5447 = 20243. Is t a multiple of 7?
True
Let s(m) = 182*m**2 + m + 1. Let h be (-32)/(-28) + (-7)/49. Is 6 a factor of s(h)?
False
Let t = 264 + -222. Is 15 a factor of (-8913)/(-18) - (-6 - -13)/t?
True
Let v(d) = d**2 - 116*d - 29. Is v(-43) a multiple of 8?
True
Let k = 8 - 10. Does 5 divide -18 + 14 + (-4 - k - -16)?
True
Let t = 96 - 92. Suppose b = -3*q, -3*b + 48 = -7*b + t*q. Is 10770/135 - 2/b a multiple of 16?
True
Suppose 6*p - 44 - 22 = 0. Let o be (-2)/6*(p + -8). Is (-2432)/(-57) + o/(-3) a multiple of 6?
False
Let o = -2600 - -3383. Is o a multiple of 3?
True
Suppose -2*s + 3404 = 4*z, 3*s + 28*z - 5127 = 29*z. Is s a multiple of 28?
True
Suppose 0 = -15*p + 13*p. Suppose p = u - 16 - 15. Does 7 divide u?
False
Suppose -23 = -10*j + 17. Suppose -4*z = t - 15, -2*z - j*t = -4*z - 6. Suppose -4*c + 371 = -z*a, 3*c + 2*a - 288 = a. Is 19 a factor of c?
True
Suppose 0 = 49*b - 45*b - 5*v - 79498, -2*v = -5*b + 99364. Is 18 a factor of b?
True
Suppose -4*j = -5*n - 6709, -3*n - 3210 = -2*j + 145. Let u = j + -1164. Does 64 divide u?
True
Let m(t) = -t**2 + 18*t - 15. Let p be m(17). Let o be 3 - (-166)/p*1. Let q = o - 72. Is 3 a factor of q?
False
Is 3055/(4/(12 + -4)) a multiple of 130?
True
Suppose -4*a = 5*q - 376, -7*q = -6*q - 4*a - 80. Suppose -q*w + 1920 = -72*w. Is w a multiple of 16?
True
Let m = 86 - 38. Let x(h) = -h**2 + 16*h + 9. Let z be x(-5). Let d = m - z. Is d a multiple of 18?
True
Suppose 0 = -c - 3*h - 192 + 846, c - 656 = -4*h. Suppose c*a - 640*a - 7768 = 0. Does 34 divide a?
False
Does 19 divide (6 + 21/6)*200?
True
Let f(b) = -1607*b - 2652. Is f(-42) a multiple of 107?
True
Suppose -15 = 3*s - 33. Suppose 5*a - h = h - s, -a = h - 3. Suppose 4*u + 4*m = 2*u + 48, -u + m + 30 = a. Is 6 a factor of u?
False
Suppose h - 10 = l - 0*l, -3*h - 5*l + 14 = 0. Suppose 470 = 2*m + 2*d, -3*d = -4*m - h*d + 941. Suppose 26*s = 24*s + m. Does 8 divide s?
False
Suppose 23 = -4*w - 41. Let o = w + 208. Let r = o + -153. Is r a multiple of 12?
False
Suppose -5 = 5*s - g, 3*g - 17 + 2 = 4*s. Suppose -31*d + 22*d + 1017 = s. Is d a multiple of 28?
False
Let k be 8*(-5)/(-10)*(-2)/4. Let h be (8 - -2)*(-1)/k. Suppose -t = -4*r + 20, -h = 2